. Calculate the remainder when 42 is divided by 10*2*d/16.
12
What is the remainder when 362 is divided by (9890/(-6))/(-23) - 4/6?
7
Let h = 14 - -7. Let y = -81 - -85. What is the remainder when h is divided by y?
1
Let t(x) = -x + 8. Let p = 3 + 5. Let r be t(p). Calculate the remainder when 55 is divided by -2 - (-33 - r) - 3.
27
Let z be (8/(-6))/(6/9). Let a = 33 - 0. What is the remainder when (-39)/z*(-110)/(-33) is divided by a?
32
Suppose -3*u - 162*q = -164*q - 659, 0 = 4*u + 4*q - 912. Calculate the remainder when u is divided by 117.
106
Suppose -10*a = -8*a - 46. Suppose -6*s = -149 + a. What is the remainder when 83 is divided by s?
20
Suppose -2*o + 58 = 4*v, 1 = -5*o + 6. Let f be 9 + (0 - 4) - 33. Let t = f - -83. Calculate the remainder when t is divided by v.
13
Suppose -2*o + o = -5. Suppose 76 = 4*t - x - 3*x, -t - 5*x = o. Calculate the remainder when t is divided by 9.
6
Suppose 334 + 350 = 12*v. What is the remainder when v is divided by -5*(-5 + 1)*1?
17
Let w(c) = -c**3 + 3*c**2 + 6*c - 5. Let k be w(4). What is the remainder when -2*((-6)/k - 40) is divided by ((-122)/6 + 1)/((-10)/15)?
26
Suppose 80*o - 60*o = 260. Suppose b + 26 = 5*b - 2*l, -2*b = 2*l - 16. What is the remainder when o is divided by b?
6
Let p = 46 - -2. Let j = p + -37. Calculate the remainder when 52 is divided by j.
8
What is the remainder when 66 is divided by 128/12 - -1 - (-1)/3?
6
Suppose -4*g + 44 + 25 = -3*n, -5*n - 30 = -g. Suppose 3*m - 12 = g. Let y = 2 - -13. Calculate the remainder when y is divided by m.
6
Let f(m) = 2*m**2 - 12*m - 22. Let y be f(-6). Suppose -7*d + 130 + y = 0. What is the remainder when d is divided by 19?
17
Let o(x) be the second derivative of 7*x**3/6 - 10*x**2 - 16*x. Calculate the remainder when o(16) is divided by 19.
16
Suppose -3 - 13 = -2*z. What is the remainder when (-4)/(-14) - (-1848)/49 is divided by z?
6
Suppose -4*q + 14*q + 10 = 0. Calculate the remainder when 5 is divided by 2 + q - 2/(-2 + 1).
2
Suppose -j + 39 = -12. Let v = -12 - -38. Calculate the remainder when j is divided by v.
25
Let n = 1108 - 1077. Calculate the remainder when 138 is divided by n.
14
Let d(a) = -20*a + 3 - 8 - 3. What is the remainder when d(-2) is divided by 17?
15
Suppose -5*t = -2*x + 569, 2*x - 3*t - 571 = -0*t. What is the remainder when x is divided by 255/(-20)*56/(-42)?
15
Let t = -81 - -81. Suppose -3*z + 4*j + 16 = t, z - 32 = -j - 3*j. What is the remainder when 33 is divided by z?
9
Let w(m) = -m**2 - 9*m - 4. Let a = -9336 + 9415. What is the remainder when a is divided by w(-7)?
9
Suppose 40*a - 4641 = 23*a. Suppose -x + 48 = -108. Let j = a - x. What is the remainder when j is divided by 30?
27
Let v(z) = 10*z**2 - 26*z - 158. What is the remainder when v(-5) is divided by 97?
28
Let n(a) = 3*a**2 + 9*a - 15. Let u(t) = -3*t - 27. Let g be u(-11). What is the remainder when n(g) is divided by 37?
36
Let q = -312 + 636. What is the remainder when q is divided by 47?
42
Let c(l) = 5*l**2 - l. Let z = 21 + -17. What is the remainder when c(z) is divided by 20?
16
Let j = -1 + -4. Suppose -20 = -4*i - 4*h, h - 5*h - 20 = 0. What is the remainder when 1/j + 152/10 is divided by i?
5
Let z = 69 - 67. Suppose z*g - 226 = -4*c, 254 = 5*c - 2*g - 6. Calculate the remainder when c is divided by 19.
16
Suppose -6*a + 4*o = -a + 13, 0 = -o + 2. Let h be a/(-4) + 27/4. Let j = 18 - h. Calculate the remainder when j is divided by 6.
5
Let l = 1183 - 1159. Calculate the remainder when 76 is divided by l.
4
Suppose 2*d - 83 = -5*n, -d - 2*d + 82 = -n. Let r = -27 + 30. Suppose 0 = -o + 83 + r. What is the remainder when o is divided by d?
28
Suppose 265*w + 580 = 294*w. What is the remainder when 87 is divided by w?
7
Let j = -74 - -79. Let p(q) be the second derivative of q**3/2 + 3*q**2 - q. What is the remainder when 39 is divided by p(j)?
18
Suppose 11*d - 378 + 26 = 0. Calculate the remainder when 222 is divided by d.
30
Suppose -5*y = 2*o + 198, 4*o - 14*y + 10*y + 368 = 0. Let c(q) = 11*q - 1. Let f be c(-6). Let g = f - o. Calculate the remainder when g is divided by 10.
7
Suppose -276 = -0*a - 4*a. What is the remainder when 40 is divided by (-3)/(-15) + a/5?
12
Suppose -4*x + 8*x - 168 = 0. Suppose -2 = 5*j - x. Calculate the remainder when 39 is divided by j.
7
Let p = 31 + -29. Suppose -78 = -p*g + 3*d, -4*g + 0*g - 3*d + 156 = 0. Suppose 12 - g = -3*z. Calculate the remainder when z is divided by 5.
4
Let y(g) = -18 - 3*g + 7*g - 2*g. Let n be 10 - (3 - -1)/(-1). What is the remainder when y(n) is divided by 2?
0
Suppose 3*f = 3*a - 0*f - 24, f = 3*a - 14. Suppose 0*o - o + 100 = -a*y, -86 = -o - 4*y. Calculate the remainder when o is divided by 19.
18
What is the remainder when -1 + 1 - -9 - -1 is divided by (0 - 0 - 18)*((-4462)/138 - -32)?
4
Suppose -2*b - 30*b = -256. What is the remainder when 46 is divided by b?
6
Suppose 233 - 1348 = -5*o. Let y = o + -133. What is the remainder when y is divided by 226/10 + (-154)/(-385)?
21
Suppose 6*g = 8*g - 14. Calculate the remainder when ((-15)/(-21) - -1)/(3/21) is divided by g.
5
Let q = -610 - -631. What is the remainder when 80 is divided by q?
17
Let u = 25 - 23. Suppose u*n - 2 = 78. What is the remainder when n is divided by 15?
10
Let b be 55/5 + 1 + 2. Let s be 7/b + (-10)/(-4). Suppose 7 + 68 = s*i. What is the remainder when i is divided by 14?
11
Suppose -25 = 3*z - 4*z. What is the remainder when z is divided by (-6)/(0 - -2) + 17?
11
Let q(h) = h**3 + 15*h**2 + 43*h. Calculate the remainder when 99 is divided by q(-11).
0
Let v be (5/10)/((5/4)/5). Suppose 44 = 2*w + 3*k, -v*k + 32 = 2*w - 10. Calculate the remainder when 131 is divided by w.
17
Suppose -2*m + 6 = -g + 40, 154 = 4*g + m. Calculate the remainder when g is divided by 6.
2
Let q(l) = 3*l - 6. Let c be q(9). Suppose -2*h - 4*m + 14 = 0, m = 4*h + 2*m - c. Suppose 17 = -4*p + h*p. What is the remainder when 32 is divided by p?
15
Suppose -19 = 7*m - 5. What is the remainder when (9 - 11)/(m/11) is divided by 3?
2
Let m = -5 + 13. Suppose 2*l + 48 = m*l. Calculate the remainder when 23 is divided by l.
7
Let n = -79 + 103. Calculate the remainder when 329 is divided by n.
17
Suppose 0 = 3*z + 6, -3*f + 2*f - 3*z = 3. Suppose -f*t + 190 = -11. What is the remainder when t is divided by 4/(-6)*1050/(-20)?
32
Suppose 0 = 6*n - 0*n - 48. What is the remainder when 515 is divided by n?
3
Let x = -91 - -136. Suppose -2*r = -r - x. What is the remainder when r is divided by 16?
13
Let w(u) be the third derivative of -u**5/60 - 7*u**4/12 - 23*u**3/6 - 7*u**2. Let v = 5 - 15. What is the remainder when w(v) is divided by 5?
2
Let w = 112 + -91. Calculate the remainder when 61 is divided by w.
19
Let v(j) = -3*j**3 + 2*j**2 + j - 2. Let x be (12/(-9))/(8/12). What is the remainder when 83 is divided by v(x)?
27
Let t(h) = 10*h**2 - 3. Let f(w) = w**3 + 10*w**2 + 17*w + 13. What is the remainder when t(2) is divided by f(-8)?
2
Suppose 0 = -3*r + r + 56. Let b(a) = 11*a**2 - 2*a - 1. Calculate the remainder when b(-1) is divided by (r/6)/((-10)/(-15)).
5
Let h = -219 - -269. Calculate the remainder when 192 is divided by h.
42
Suppose 270 + 70 = 20*y. What is the remainder when 337 is divided by y?
14
Let l = 37 - 13. Suppose -o = -6*c + c + 62, 3*c = 5*o + l. What is the remainder when 49 is divided by c?
10
Suppose -3*a + 8 = -16. Let j = -593 - -597. Calculate the remainder when a is divided by j.
0
Suppose 0 = -a + 5*a + 2*v + 6, 3*a = -4*v + 3. Let m(b) = -5*b - 7. Let o = -33 + 62. What is the remainder when o is divided by m(a)?
5
Let a(l) = -l**2 - 8*l + 1. Let s = 1882 - 1874. What is the remainder when a(-6) is divided by s?
5
Let k = 92 + -57. Calculate the remainder when 173 is divided by k.
33
Suppose 3*t - l = -39 + 112, 3*l = 2*t - 58. Suppose t*q - 957 = -152. Calculate the remainder when 104 is divided by q.
34
Let r = 9 + -4. What is the remainder when (7 - (-170)/(-14))/(4/(-14)) is divided by r?
3
Let a(k) = -k**2 + 2*k + 16. Calculate the remainder when 14 is divided by a(5).
0
Suppose -4*j - 16 = 0, -2*c - 3*j + 200 = -538. Calculate the remainder when c is divided by 63.
60
Let d(a) be the third derivative of 5*a**4/24 + 5*a**3/6 + 21*a**2. Calculate the remainder whe